 Let b = a + -6. Give o(b).
4
Let y(b) = -b. Let q(g) = 21*g**2 - 4*g + 1. Let d(r) = -q(r) + 5*y(r). What is d(-1)?
-21
Let w be -1*(-12)/(-2) + 0 + 0. Let o(b) be the second derivative of b**4/12 + 2*b**3/3 - 4*b**2 - b. What is o(w)?
4
Let u = 2 - 0. Let c(d) = d - 7*d**u + d + 6*d**2. Let f be 1/(2/(-4)*-1). Determine c(f).
0
Let u(v) be the first derivative of -v**4/2 - v**3 - v**2 - 3*v - 22. Let s = -3 + 6. Suppose 0 = 5*l - 0*f + 3*f + 19, -f + 3 = -s*l. What is u(l)?
5
Let g be 1/6 + 152/(-48). Let i(o) = 3*o + 4. What is i(g)?
-5
Let n(z) = -z - 1. Let l be ((-8)/2)/(-2) + 0. Let w(d) = 2*d - 1. Let k(c) = l*n(c) - w(c). What is k(3)?
-13
Let r(i) = 9*i**3 + i**2 - 4*i + 3. Let l(f) = 8*f**3 + f**2 - 3*f + 2. Let a(d) = -4*l(d) + 3*r(d). Give a(-1).
5
Let h(g) be the first derivative of -g**5/60 - g**4/8 - g**3 + 3. Let w(d) be the third derivative of h(d). Calculate w(-3).
3
Let p = -20 + 23. Let g(s) = p + 0 - 2 + 2*s. Give g(6).
13
Let n(l) = l**2 - 11*l + 2. Let c be n(11). Let h(m) be the first derivative of -1 + 1/2*m**c + 11*m. Calculate h(-5).
6
Let q(u) = -u - 3. Let c = -20 - -14. Give q(c).
3
Let r(i) = 2*i + 21. Let f be r(-10). Let c(p) be the third derivative of 0*p + 5/24*p**4 + 0*p**3 + 2*p**2 + 0. Calculate c(f).
5
Let l = -44 - -40. Let p(o) = 1. Let i(z) = z + 1. Let j(g) = -i(g) - 2*p(g). Calculate j(l).
1
Let a(x) be the second derivative of -x**3/6 + 3*x**2/2 - x. What is a(0)?
3
Let f(y) be the third derivative of 5*y**4/24 - y**3/6 - 29*y**2. Let d = 1 - 2. Calculate f(d).
-6
Let c(y) be the second derivative of 0 - 2/3*y**3 - 7/2*y**2 + 1/12*y**4 - 3*y. Determine c(5).
-2
Let r(w) = w**2 + 3*w + 3. Let l(z) = 5*z**2 + 14*z + 15. Let t(j) = 2*l(j) - 11*r(j). Calculate t(-2).
3
Let f(p) = 8*p**2 - 7*p - 5. Let g(b) be the first derivative of -5*b**3 + 13*b**2/2 + 9*b - 2. Let q(v) = 11*f(v) + 6*g(v). Give q(2).
-7
Let r(l) = -2*l**3 - 5*l**3 - 52*l**2 - 3*l + 53*l**2 + 4*l. Let k = 2 + -3. Give r(k).
7
Let y be (-66)/14 + 4/(-14). Let j(n) = 28 - 35 + 2*n - 3*n. What is j(y)?
-2
Let r(o) = -5*o**2 + 4*o**2 + 5 - 1 + o. Give r(3).
-2
Let g(u) = 3*u**2 - 4*u - 1. Suppose -s = 4*s + 25, -4*z = -3*s - 35. Let w(x) = -x + 1 - z*x**2 + 0 + 6*x**2. Let o(a) = g(a) - 2*w(a). Give o(-2).
5
Let j(s) be the third derivative of s**4/24 - 5*s**3/3 - 8*s**2. Calculate j(7).
-3
Suppose 2*a - 7 = a. Let d(t) = -t**3 + a*t**2 - t**2 - 1 - 6 - 3*t. Calculate d(5).
3
Suppose 5*h = 4*z - 15, -5*z - 1 = 2*h + 5. Let t = -6 + z. Let q(b) = -b**3 - 6*b**2 + b + 2. Give q(t).
-4
Let d(b) = 3*b**2 + 0 + 1 + 3*b - b**3 - 5*b**2. Calculate d(-3).
1
Let n(j) = -j**2 - j - 2*j**2 + 0*j**2 + j**3. Give n(3).
-3
Let h = -6 + 16. Suppose 7*n = 2*n + h. Let v(m) = -5*m**2 + 2 - m**3 + 5 - n. Give v(-5).
5
Let r(z) = 2*z - 2. Let f(m) = -m + 1. Let u(i) = -5*f(i) - 3*r(i). Suppose -121 = 5*l + 104. Let s be (-1)/4 - l/(-12). What is u(s)?
5
Let s(x) = 7*x**3 + 1. Suppose f = 4*f. Let y be 1 - (-1 + f/3). Suppose 0 = -l + c - y, -2*l + 2*c = 6*c - 2. Determine s(l).
-6
Suppose -3*l = -1 + 13. Let p(g) = 2*g**3 + 3*g**2 + 10*g + 15. Let a = -1 - 6. Let b(u) = -u**3 - u**2 - 5*u - 8. Let o(c) = a*b(c) - 4*p(c). Calculate o(l).
0
Let g(f) = -f + 7. Let s be g(9). Let o = -8 - s. Let w(x) = x**3 + 6*x**2 - x - 5. What is w(o)?
1
Let g(m) = -20 + 22 + 0*m - 5*m - 2*m. Determine g(-2).
16
Let w = -179 - -175. Let t(x) = -x**3 - 4*x**2 + 4. Give t(w).
4
Let r be ((6/5)/(-3))/(29/(-145)). Let n(p) = 2*p**2 + 3*p - 2. Give n(r).
12
Let y(m) = -m**3 - 2*m**2 + 5*m + 4. Let f be y(-3). Let r(l) = 3 + l - 5 + l**3 + 2. Determine r(f).
-10
Let r be (2 + -2)/3 + 14. Suppose -3*s = -1 - r. Let l(n) = n - 1. Determine l(s).
4
Let q(s) = s - 5. Suppose 2*r + 5*u = 5*r - 17, 2*u + 8 = 0. Let p(z) = z**2 + z + 1. Let g be p(-2). Let y = g - r. What is q(y)?
-1
Let n(x) = 2*x - 2*x**2 - 2*x - 2 + 3*x + x**3. Let r be 2 - 2 - 36/1. Let d be (2/6)/((-6)/r). Calculate n(d).
4
Let f(v) = 9*v + 1. Let g = -8 - -12. Suppose 1 = 3*o - g*o. Calculate f(o).
-8
Let y(r) be the second derivative of r**3/6 - 4*r**2 - 26*r. Determine y(9).
1
Let i(v) = -2*v**3 - 3*v**2 + 3*v - 1. Suppose 0 = -f + l + 2, -2*f - 5*l - 31 = -0*l. Determine i(f).
17
Let c(s) = s**2 - 2*s + 1. Let u(a) = a - 3. Let v be u(4). Let o be c(v). Suppose o = -2*w - 2*w, 0 = -4*d - w - 20. Let q(h) = h**2 + 4*h - 5. Determine q(d).
0
Suppose -2*h = -4*h + 8. Suppose -3*n = 1 - 10. Let l(z) = 6*z - 2*z - 2*z - h*z**2 + z**3 - n. Give l(4).
5
Let x(a) be the third derivative of a**4/24 - a**3/6 + 2*a**2. Let j be 1/(-1*(-4)/(-8)). Let y be 3 - (0 + (1 - j)). Give x(y).
-1
Let j be 2/(-3)*6/(-4). Let p = 20 + -25. Let v be (p - (-2)/j)*-1. Let n(z) = z**3 - 4*z**2 + 3*z + 3. Determine n(v).
3
Let g(d) be the second derivative of -2*d**3/3 - d**2/2 - 14*d. What is g(1)?
-5
Let j(i) = i - 3. Let r be j(5). Let p(n) be the first derivative of -n**2/2 + 2*n + 16. Calculate p(r).
0
Let u(l) = l - 1. Let q = 7 + -4. Suppose 4*i = -2*h + 16, 0*i - 13 = -q*i - 2*h. Calculate u(i).
2
Let w(g) be the second derivative of -g**4/12 + g**3/3 - 2*g**2 + 3*g. Suppose 0*m - 5*l = -4*m - 3, 2*m = -l + 9. Determine w(m).
-7
Let o(d) = -d - 2. Let q be o(-6). Suppose 4*b - 2*z + 6*z + 8 = 0, -5*b - q*z - 9 = 0. Let s(i) = 16*i - 1. Calculate s(b).
-17
Let s(a) = 4*a**2 + 2*a + 1. Suppose -4*z + 2 = 6. Let w be s(z). Let n(i) = -2*i - 7 + 1 + w*i. Give n(4).
-2
Let z be (-2)/(10/(-6 + 11)). Let b(v) be the second derivative of v**5/10 + v**4/12 + v**3/6 + v. Determine b(z).
-2
Let k = -2 + 7. Let w = k - 5. Let t(s) = -4 + 0*s + 0*s**3 + w - 5*s - s**3 - 6*s**2. Calculate t(-5).
-4
Suppose 0*s = -s + 2. Let r(n) = -5*n**3 - 7 + 0*n**s + 6*n**3 - 2*n + 6*n**2. Determine r(-6).
5
Let p(b) = 7*b**3 + 25*b**2 + 11*b - 3. Let w(y) = -y**3 - 2*y**2 - 1. Let t(c) = p(c) + 6*w(c). Determine t(-12).
3
Suppose 0 = d + 3*d - 4. Suppose -2*f - 5*w - 21 = -0*w, -5*w = 4*f + 17. Let k(l) = -6 + 0 + 3 + f - 3*l**3. Calculate k(d).
-4
Let n(w) = -5*w - 1. Let m(p) = -16*p - 3. Let g(y) = -6*m(y) + 17*n(y). Give g(1).
12
Let x be 1/(-3)*-1*3. Let t(r) = 3*r**2 + x - r - 4*r - 4*r**2. Let j be t(-5). Let w(y) = 2*y**2 - 2*y + 1. Determine w(j).
1
Suppose -3*n = 4*k - n + 6, -3*n - 3 = 4*k. Let p(j) = 4*j + 3. What is p(k)?
-9
Let s(t) = t**3 - 4*t**2 + 2*t - 4. Let j(y) = -y**2 - 2*y + 4. Let x be j(-4). Let v(f) = -2*f - 5. Let d be v(x). Calculate s(d).
-7
Suppose -6*o + 1 = -29. Let v(h) = 0*h - 3 + h - 1. What is v(o)?
1
Let u(o) = o**2 - 5 + 0*o**2 + o**3 + 5*o**2. Let f(q) = 2*q + 2. Let n be f(-4). What is u(n)?
-5
Let v(z) = -3*z. Let n be v(-2). Let w be -1*(-3)/6*n. Let p(d) = d**3 - 3*d**2 + 2*d - 2. What is p(w)?
4
Suppose 67*s - 16 = 69*s. Let p(n) = n**2 + 7*n - 11. Calculate p(s).
-3
Suppose -h + 1 = -3. Let j(o) = h*o + o**3 - 4 - 2*o + 3*o**2 - 4*o. What is j(-4)?
-12
Let q be ((-16)/(-10))/(2/5). Let c(s) be the third derivative of -s**6/120 + s**5/12 - s**4/6 - s**3/3 - 8*s**2. Calculate c(q).
-2
Let f(s) be the third derivative of s**5/120 + s**4/12 - s**3/3 + 3*s**2. Let m(w) be the first derivative of f(w). Give m(-6).
-4
Let i(j) be the second derivative of -2*j**3/3 - j**2/2 + j. Suppose -13*g = -8*g - 10. Calculate i(g).
-9
Suppose 4*b = -0 + 12. Suppose -1 - 2 = b*c. Let j(s) = 3*s**3 + s**2 + 2*s + 1. What is j(c)?
-3
Let k(t) = 2*t**2 - t**3 - 3*t**3 + 1 - 1 - 1. Determine k(1).
-3
Let b(m) = 5*m**2 - 2*m - 1. Let q(r) = -3*r**2 + 3*r + 3*r**2 + 3 - 1 - 6*r**2. Let v(x) = 5*b(x) + 4*q(x). What is v(-2)?
3
Let n(j) = j**3 + 5*j**3 + 3*j**3 - 12*j**3 - j. What is n(-1)?
4
Let a(d) = 2*d**3 + 48 + 9*d**2 - 51 - 3*d**3. What is a(9)?
-3
Suppose -3*y = i - 4*i - 18, 3*i + 3*y = 6. Let a(b) be the second derivative of -b**5/20 - b**4/4 - b**3/6 - b**2/2 + 3*b. Calculate a(i).
-3
Let t be 1/(-2*4/(-8)). Let u(v) = -6*v. Calculate u(t).
-6
Let i(l) be the first derivative of -l**4/4 + 4*l**3/3 + 3*l**2 + l + 41. What is i(5)?
6
Suppose 2 = -r + 4. Suppose -r*o + 5*o = -6. Let j = o - 3. Let s(i) = i**2 + 7*i + 4. Calculate s(j).
-6
Let x = 14 + -10. Let a(o) = 5*o - x*o + 6*o**2 + 6*o - 6 - 7*o**2. What is a(4)?
6
Let r(v) be the third derivative of -v**4/24 + v**3/6 - 9*v**2. What is r(3)?
-2
Suppose -j = -2*j + 5. Let t